et x(y) = -y**2 + 12*y - 19. Give x(9).
8
Let o(i) = i**2 + 4*i - 6. Give o(2).
6
Let s(d) = d - 9. Determine s(9).
0
Let t(u) = -u**2 + 8*u + 19. Determine t(9).
10
Let h(b) = b**2 - 32*b + 48. What is h(30)?
-12
Let s(q) = 4*q**2 - q - 1. Give s(4).
59
Let x(j) = -2*j. Determine x(-12).
24
Let p(b) = -3*b + 5. Calculate p(2).
-1
Let i(c) = -c**3 - 5*c**2 - 4*c + 7. Give i(-4).
7
Let y(h) = h**2 - 11*h - 17. Calculate y(12).
-5
Let b(l) = l**3 - 7*l + 5. What is b(-4)?
-31
Let l(p) = 58*p - 8. Calculate l(1).
50
Let b(z) = 154*z**2 - 6*z - 6. Give b(-1).
154
Let n(v) = -v**2 - 15*v - 39. Give n(-11).
5
Let r(z) = 2*z - 4. Calculate r(5).
6
Let i(l) = -6*l + 49. Determine i(9).
-5
Let x(f) = f**2 + 5*f + 2. Determine x(-1).
-2
Let l(t) = 6*t - 43. Calculate l(8).
5
Let r(y) = 4*y - 20. Determine r(4).
-4
Let u(d) = -d**2 + 10*d - 16. Calculate u(7).
5
Let j(z) = -z**3 + 20*z**2 - 4*z + 8. Determine j(20).
-72
Let u(q) = -q**2 + 14*q + 27. Determine u(-2).
-5
Let a(m) = -2*m - 9. Determine a(-7).
5
Let r(l) = 8*l**2 - 5*l + 3. Calculate r(2).
25
Let n(d) = 20*d + 6. Calculate n(2).
46
Let u(h) = -5*h - 73. Calculate u(-14).
-3
Let h(d) = 24*d + 20. What is h(-1)?
-4
Let s(t) = 56*t + 1012. Give s(-18).
4
Let c(k) = -k**3 - 14*k**2 + 2*k + 7. Give c(-14).
-21
Let t(p) = 4*p + 23. Give t(-10).
-17
Let q(l) = l**2 + 7*l - 16. Give q(-9).
2
Let k(a) = 41*a + 85. Calculate k(-2).
3
Let j(o) = -7*o + 3. What is j(4)?
-25
Let u(j) = j**2 + 31. What is u(0)?
31
Let j(l) = l**3 - l + 4. What is j(4)?
64
Let r(f) = -3*f**2 + 80*f - 29. Give r(27).
-56
Let j(i) = 2*i**2 + 7*i - 9. Determine j(-6).
21
Let p(q) = 14*q + 93. Give p(-6).
9
Let h(j) = -j - 10. Determine h(-8).
-2
Let j(n) = n**3 - 9*n**2 - n - 22. Determine j(6).
-136
Let d(r) = -2*r**2 - 18*r + 17. What is d(-10)?
-3
Let x(k) = -18*k + 125. What is x(7)?
-1
Let o(t) = -3*t + 5. Calculate o(-1).
8
Let n(b) = -11*b + 169. Determine n(14).
15
Let v(j) = 2*j**2 - 139*j - 508. Give v(73).
3
Let q(g) = 6*g - 2. Determine q(-2).
-14
Let z(y) = 7*y - 41. Calculate z(8).
15
Let l(k) = 8*k - 66. Give l(9).
6
Let n(q) = -25*q**2. What is n(1)?
-25
Let d(b) = -b**3 + 16*b**2 - b + 15. Give d(16).
-1
Let a(z) = 7*z - 145. Determine a(21).
2
Let l(x) = 38*x + 1. What is l(2)?
77
Let r(p) = p**3 + 11*p**2 + 5. What is r(-11)?
5
Let p(w) = -11*w + 5. Calculate p(4).
-39
Let f(h) = h**3 + 33*h**2 + 269*h - 10. What is f(-15)?
5
Let h(d) = -d**3 + d + 7. Calculate h(0).
7
Let y(l) = l**3 + 10*l**2 + 3*l + 40. What is y(-10)?
10
Let y(c) = -29*c**2 - 119*c - 6. Calculate y(-4).
6
Let r(a) = 2*a - 7. Give r(0).
-7
Let c(w) = -2*w**2 - 3*w + 7. Determine c(-3).
-2
Let j(f) = -4*f + 5. Give j(0).
5
Let a(f) = -f**2 + 16*f + 9. Give a(15).
24
Let t(l) = -l**3 + 8*l**2 - 5*l - 4. What is t(8)?
-44
Let d(u) = 106*u**3 + u**2 - u. Give d(1).
106
Let l(i) = 11*i**3 + i**2 - i + 1. Determine l(1).
12
Let t(u) = 2*u - 65. Give t(33).
1
Let d(g) = 5*g**2. What is d(-1)?
5
Let f(i) = -15*i**3 - 2*i**2 + i + 1. What is f(-2)?
111
Let d(q) = -2*q**2 + 17*q - 5. What is d(8)?
3
Let w(l) = -l**2 - 1. Determine w(4).
-17
Let o(c) = 2*c. Give o(-4).
-8
Let w(x) = -x**2 + 10*x + 6. Calculate w(7).
27
Let a(f) = -f**3 - 14*f**2 - 15*f + 1. What is a(-13)?
27
Let s(n) = 4*n**3 - 5*n**2 - 8*n + 2. Give s(-2).
-34
Let d(b) = -b**3 + 5*b**2 + 25*b - 1. Determine d(8).
7
Let w(g) = g**2 + 11*g - 6. Give w(-12).
6
Let a(i) = 16*i - 7. What is a(1)?
9
Let b(d) = d**3 - 6*d**2 + 8*d + 4. Calculate b(6).
52
Let o(q) = 34*q**3 - q. Calculate o(-1).
-33
Let d(n) = -n**3 - 14*n**2 - n - 16. Calculate d(-14).
-2
Let a(p) = -p**2 + 16*p + 53. Calculate a(-3).
-4
Let i(o) = 87*o**3 - 3*o**2 - o + 3. What is i(1)?
86
Let v(r) = -2*r + 44. Determine v(16).
12
Let f(u) = -u**2 + 16*u - 24. What is f(13)?
15
Let c(a) = -a**2 + 6*a + 34. Give c(10).
-6
Let j(t) = -t**2 - 6*t + 58. Give j(5).
3
Let b(q) = 4*q**2. Determine b(-1).
4
Let w(r) = 9*r**2 - 3*r - 4. Calculate w(-2).
38
Let z(v) = -54*v**3 + v**2 - v + 1. Calculate z(1).
-53
Let a(d) = -48*d - 188. Determine a(-4).
4
Let f(s) = -116*s - 357. Calculate f(-3).
-9
Let w(l) = -l**2 + 6*l + 253. Calculate w(19).
6
Let w(h) = 27*h**2 - 2*h + 1. Give w(1).
26
Let u(h) = h + 31. Calculate u(-12).
19
Let y(k) = -k**2 - 5*k + 3. Calculate y(-4).
7
Let p(i) = -i**2 + 2*i + 28. Give p(7).
-7
Let m(q) = -q**3 + 6*q**2 - 4*q - 1. Give m(5).
4
Let k(i) = i**2 - 3*i - 4. What is k(0)?
-4
Let v(u) = -4*u**3 + 3*u**2 - u - 2. Calculate v(2).
-24
Let s(n) = n**2 - 66*n - 135. Give s(68).
1
Let j(l) = l - 2. Give j(0).
-2
Let p(z) = 17*z - 8. Give p(7).
111
Let p(r) = -r**3 - 10*r**2 + 4*r + 7. Give p(-10).
-33
Let x(f) = 2*f**2 - 14*f + 5. Give x(7).
5
Let s(m) = -50*m**2 - 1. Give s(-1).
-51
Let l(k) = -21*k. Determine l(-1).
21
Let j(q) = 5*q. Determine j(-8).
-40
Let p(k) = k**2 + 5. Give p(0).
5
Let g(p) = -p - 8. Calculate g(-8).
0
Let a(w) = 2*w**3 + w**2 - 12*w - 10. What is a(-4)?
-74
Let d(q) = 2*q**3 - q - 4. Determine d(0).
-4
Let l(x) = x**3 + 6*x**2 - 5*x + 4. Calculate l(-7).
-10
Let y(p) = -2*p - 12. Determine y(-7).
2
Let y(w) = -13*w**2 - 9*w - 18. What is y(-2)?
-52
Let v(k) = 3*k - 49. Calculate v(16).
-1
Let b(y) = -y. Determine b(-9).
9
Let n(y) = y**3 - 9*y**2 - 11*y + 3. Calculate n(10).
-7
Let f(s) = -28*s - 17. Determine f(0).
-17
Let s(f) = -7*f - 35. Give s(14).
-133
Let j(g) = -2*g**2 - g - 7. Give j(-6).
-73
Let o(a) = 6*a + 4. Calculate o(-7).
-38
Let x(g) = g**3 - 24*g**2 + 136*g - 5. Determine x(9).
4
Let l(r) = -r**3 + 8*r**2 - 5*r - 11. Calculate l(7).
3
Let b(h) = h**2 - 19*h - 34. Calculate b(21).
8
Let r(s) = s - 22. What is r(-10)?
-32
Let v(m) = -m - 12. What is v(-11)?
-1
Let z(v) = v - 7. Determine z(15).
8
Let z(o) = -o**3 + 13*o**2 - 11*o - 2. Calculate z(12).
10
Let q(m) = 8*m + 76. Give q(-11).
-12
Let k(w) = 3*w**3 - 3*w**2 - w + 1. Give k(-1).
-4
Let l(p) = p**2 + 27*p - 50. Determine l(-28).
-22
Let d(n) = 9*n + 233. What is d(-26)?
-1
Let h(y) = 17*y - 63. Determine h(3).
-12
Let y(h) = -h**3 + 2*h**2 + 3*h - 2. Calculate y(2).
4
Let j(y) = -18*y - 23. Calculate j(-2).
13
Let k(n) = -n - 12. What is k(-4)?
-8
Let q(m) = -123*m - 1. Determine q(-1).
122
Let q(x) = -32*x - 320. What is q(-10)?
0
Let l(n) = -23*n + 8. What is l(4)?
-84
Let b(o) = -5*o**3 - 31*o**2 - 9*o - 12. What is b(-6)?
6
Let a(h) = -2*h + 42. Determine a(0).
42
Let j(n) = n**3 + 16*n**2 - 13*n + 2. Determine j(-17).
-66
Let j(x) = 2*x**3 - 15*x**2 + 5*x + 24. Calculate j(7).
10
Let b(d) = -d**3 + 8*d**2 - 9*d - 3. Give b(5).
27
Let k(o) = o**2 - 23*o - 211. Calculate k(-7).
-1
Let p(s) = -s**3 + 7*s**2 - 9*s + 5. Calculate p(6).
-13
Let v(s) = -s**3 - 26*s**2 + 25*s - 89. Determine v(-27).
-35
Let y(f) = -13*f + 421. Determine y(32).
5
Let v(j) = -3*j - 44. Give v(-24).
28
Let m(t) = t - 21. What is m(15)?
-6
Let z(r) = -r**2 + 11*r + 3. Determine z(11).
3
Let z(w) = -w**3 - 11*w**2 - 4*w + 11. Calculate z(-10).
-49
Let q(u) = -13*u - 12. Give q(-2).
14
Let o(k) = k**2 - 3*k - 54. Calculate o(-6).
0
Let r(v) = v**3 - 4*v**2 + v - 5. Determine r(3).
-11
Let f(r) = r**2 + 6*r - 2. Give f(-7).
5
Let g(y) = -24*y - 2. Give g(-1).
22
Let v(w) = w**3 - 7*w**2 + 4*w + 5. Give v(5).
-25
Let g(f) = f**2 - 7*f + 7. What is g(5)?
-3
Let v(c) = -c. Calculate v(5).
-5
Let n(c) = 2*c**2 + 3*c + 4. What is n(-6)?
58
Let c(l) = -l**3 - 12*l**2 - 9*l - 1. Give c(-11).
-23
Let u(k) = k**3 + 19*k**2 + 19*k + 12. Calculate u(-18).
-6
Let r(s) = -s**3 + s**2 + 6*s - 4. Give r(5).
-74
Let w(f) = f**3 + 36*f**2 - 44*f - 266. Calculate w(-37).
-7
Let g(l) = 36*l + 33. Give g(-2).
-39
Let b(z) = 6*z + 20. What is b(12)?
92
Let q(n) = -n**2 + 6*n - 3. Give q(4).
5
Let i(f) = -f**2 - 10*f. What is i(-8)?
16
Let o(h) = -12*h + 12. Give o(3).
-24
Let f(d) = 2*d**2 - 30*d - 29. What is f(16)?
3
Let v(n) = n**3 - 6*n**2 - 2*n + 3. Give v(6).
-9
Let c(o) = -9*o + 35. Give c(5).
-10
Let g(y) = y**3 - 26*y**2 + 28*y - 35. Determine g(25).
40
Let o(a) = -6*a - 35. Calculate o(-18).
73
Let x(g) = 2*g**2 - 10. What is x(3)?
8
Let l(r) = -3*r**3 + 4*r**2 - 2*r. What is l(3)?
-51
Let k(m) = -5*m - 3. Determine k(3).
-18
Let s(p) = -p**3 + p**2 + 2*p - 4. Give s(2).
-4
Let k(o) = 2*o + 47. Calculate k(-23).
1
Let t(z) = -34*z -